 0 = -l - l + v - 123, 5*l = -3*v - 302. Let x = l + 89. Calculate the remainder when x is divided by j.
8
Suppose 0 = -67*w + 69*w + 26. Let l(o) = -o**3 - 14*o**2 - 15*o + 2. What is the remainder when l(w) is divided by 10?
8
What is the remainder when 2/((70/(-1253))/(-5)) is divided by 31?
24
Suppose w - 5*w = -12. Suppose 4*u - 12 = -2*s + 8*u, w*u = s - 5. What is the remainder when 1*32 - (-2 + 3) is divided by s?
7
Let x(w) = w**3 + w - 1. Let h be x(-3). Let g = -215 - -253. Calculate the remainder when g is divided by (-1)/(3/(1 + h)).
8
Suppose 111 = 3*p + 5*h, -2*p + 3*h + 74 = 8*h. Calculate the remainder when 514 is divided by p.
33
Let p(t) = -88*t - 329. Calculate the remainder when 207 is divided by p(-6).
8
Let h(t) = -8*t - 3. Suppose -6 - 4 = m + 3*d, 2*m + d + 10 = 0. What is the remainder when h(m) is divided by 13?
3
Let c(k) = -k**3 - 3*k**2 + 2*k + 2. Let h be c(-3). Let v be (616/4)/2 + h. Calculate the remainder when (6 - 5)/(1/v) is divided by 19.
16
Let c = 7 + -5. Suppose -98 = -4*a - v, 0 = c*a - 3*v - 32 - 24. Let h = a + -13. What is the remainder when 47 is divided by h?
11
Suppose r - 48 = -4*t, 4*r - 2*t = 74 + 82. Let x = 732 + -711. What is the remainder when r - (-1)/2*-2 is divided by x?
18
Let u be 20/(-3*(-4)/(-12)). Let f = u - -43. What is the remainder when f is divided by 12?
11
Let g = -63 - -40. Let f = 54 + g. Calculate the remainder when f is divided by -10*((-2)/(-10) - 1).
7
Let x(l) = -13*l + 4. Let s be x(-5). Suppose -3*m + s = 15. Calculate the remainder when 43 is divided by (3 - 1)/(m/99).
10
Let i(c) be the first derivative of -22*c**2 + 7*c + 4. Let n be i(-4). Suppose -4*a + n - 75 = 0. What is the remainder when a is divided by 10?
7
Let q = 216 - 104. What is the remainder when q is divided by 47?
18
Calculate the remainder when (-1)/6 + -5*71/(-6) is divided by 2/10 - 118/(-10).
11
Let d = 50 + -49. Suppose y = 5*y - t - 96, 0 = -4*y + 3*t + 88. Calculate the remainder when y is divided by 0 - d - (1 + -7 + -4).
7
Let v(o) = 60*o - 1. Let p be v(-2). Let r = p - -177. Calculate the remainder when r is divided by 19.
18
Let d = 21 - 45. Let a be (-210)/d - 1/(-4). Suppose 3*u = a, k = 4*k - 2*u - 99. What is the remainder when k is divided by 9?
8
Let f(m) = -m**3 + 7*m + 12. What is the remainder when 69*1 - (-2 + 1) is divided by f(-3)?
16
Suppose -i = -0*i - 34. Suppose 5*r = 3*f + 18, r = -2*f - 1 + 2. Suppose 3*k - 7 = 2*k + l, -r*l + 51 = 3*k. Calculate the remainder when i is divided by k.
10
Let b(d) = -21*d - 3. Let v(f) = 41*f + 7. Let y(h) = 5*b(h) + 2*v(h). What is the remainder when y(-1) is divided by 7?
1
Suppose 0 = -q - 1, -15*f + 16*f + 3*q = 29. Calculate the remainder when 84 is divided by f.
20
Suppose -3*m + 4*m = 5. Suppose -2*v - 244 = -4*t + 2*v, -4*t + 244 = -m*v. Suppose 11 + 21 = 2*z. Calculate the remainder when t is divided by z.
13
Let l = -30 + 32. Suppose 2*b = -2*f + l, 4*b = 2*b - f + 7. Suppose -2*h - 4*w = -26, 3*h - 50 = 5*w + 22. Calculate the remainder when h is divided by b.
1
Suppose 5*x = 4*y - 143, 4*x + 59 + 122 = 5*y. What is the remainder when y is divided by 13?
11
Calculate the remainder when 14/3*22470/140 is divided by 248.
5
Let p = -421 + 456. Calculate the remainder when p is divided by 13.
9
Calculate the remainder when (4 - 360/(-16))/((-1)/(-6)) is divided by 20.
19
Suppose -10*o = -27*o + 2924. What is the remainder when o is divided by 36?
28
Let l(u) = 2*u**3 - 56*u**2 + 3*u - 41. Calculate the remainder when l(28) is divided by 12.
7
Let y(a) = a**3 + 5*a**2 + 3*a. Let p = 7 + -10. Let s be y(p). Suppose -j - k - 25 = -6*j, s = j - k. Calculate the remainder when 9 is divided by j.
1
Let v(i) = -11*i - 104. Calculate the remainder when 167 is divided by v(-11).
14
Suppose -5*p + 3*f = -429, -1 = -f + 1. What is the remainder when 274 is divided by p?
13
Suppose 3*g = -g + 20. Suppose -d + 5 = -o + 15, g*o - 3*d = 46. Calculate the remainder when ((-78)/(-4))/(2/4) is divided by o.
7
Let n(f) = 56*f - 53. Calculate the remainder when n(4) is divided by 43.
42
Let o be 12/(-18) + 32/(-6). Let z be (-3)/6 - o/(-4). Let y(a) = -a**3 - a**2 + 3*a + 3. Calculate the remainder when 3 is divided by y(z).
0
Let k(p) = -6*p**2 + 12*p - 8. Let y be k(4). Let b = -31 - y. What is the remainder when b is divided by 14?
11
Let m(s) = 2*s**2 + 2*s - 3. Let k be m(-5). Let o = -3 + k. What is the remainder when o is divided by (-56)/(-6) + (-4)/12?
7
Let j = 70 - -133. What is the remainder when j is divided by 53?
44
Suppose -2*a + 0*a + 4*i = -362, i = 5*a - 896. Calculate the remainder when a is divided by 28.
11
Suppose 0 = -4*x - 10 + 30. Suppose 2*y + 5*r = -9, -13 = -x*y - 5*r + 2. Let m = 39 - 8. What is the remainder when m is divided by y?
7
Let s(y) = -17*y - 71. What is the remainder when 51 is divided by s(-6)?
20
Let p(z) = z + 4. Let y(t) = -t**2 + 7*t + 2. Let a be y(6). Let q be p(a). What is the remainder when 17 is divided by 90/q - 2/4?
3
Let s = 88 - 88. Let a = s + 15. Let z = -21 + 63. Calculate the remainder when z is divided by a.
12
Let n(c) = -c**3 - 7*c**2 - 7*c + 4. Suppose -3*g - 5 = -14. Suppose 5*u - 4*o + 34 = 114, g*u = 4*o + 48. Calculate the remainder when u is divided by n(-6).
6
Let l = -1 + 55. Suppose 2*t - l = -t. Let a = t - -2. Calculate the remainder when a is divided by 11.
9
Let u = 125 - 83. Let c(l) = -l**3 - 6*l**2 - 3*l - 3. Let t be c(-6). What is the remainder when u is divided by 33/2*(50/t)/5?
9
Let p be 4*11*((-20)/(-8) + -2). Let z(l) = l**3 - 21*l**2 - 19*l - 14. Let o(j) = j + 14. Calculate the remainder when z(p) is divided by o(0).
10
Let s = -181 - -98. Let y(h) = -26*h. Let v be y(5). Let r = s - v. Calculate the remainder when r is divided by 12.
11
Let j = -270 - -277. What is the remainder when 11 is divided by j?
4
Let x = -291 + 296. What is the remainder when 85 is divided by x?
0
What is the remainder when 4 - 4 - 1608/(-12) is divided by 27?
26
Let h = 48 - 44. Suppose 11 = h*p + 4*x + 3, 4*p + 2*x = 16. Calculate the remainder when 20 is divided by p.
2
Let o(m) = m**3 + 38*m**2 + 37. What is the remainder when 147 is divided by o(-38)?
36
Let h = 233 - 107. What is the remainder when h is divided by 45?
36
Let o = 1205 + -1118. What is the remainder when 203 is divided by o?
29
Let q(m) = -m**3 + 16*m**2 - 56*m - 10. Calculate the remainder when 261 is divided by q(9).
49
Let a = 4 - 0. Suppose -a*u - 185 = -9*u. Let g(c) = c**2 + c - 2. Calculate the remainder when u is divided by g(3).
7
Let f = 32 + -34. Let t = f - -15. Calculate the remainder when 75 is divided by t.
10
Suppose 0 = 4*j + 5*g - 205, -3*g - 75 = -6*j + 4*j. Calculate the remainder when j is divided by 10 - (0 + -1)*2.
9
Let h be (2/(-3))/((-14)/693). Suppose -59 - h = -4*j. Let o = -8 - -17. Calculate the remainder when j is divided by o.
5
Suppose -169*j + 168*j = 4*o - 247, 4*o = -2*j + 246. Calculate the remainder when 1301 is divided by o.
61
Let b = 1940 - 1927. What is the remainder when 45 is divided by b?
6
Suppose 4*k = 2*i - 4, -2*k - 5*i + 18 = -i. Let l = -2 + k. Calculate the remainder when -8 + 51 - (-2 + l) is divided by 12.
10
Let m(d) = -2*d + 14. Let u(c) = c - 14. Let y(p) = -2*m(p) - 3*u(p). Let g = 49 - 40. Calculate the remainder when g is divided by y(-8).
3
Calculate the remainder when (-4)/(-10) - (-10848)/80 is divided by 23.
21
Let q(a) be the second derivative of a**3/6 + 21*a**2/2 - 22*a. What is the remainder when 59 is divided by q(-6)?
14
Let s(r) = 19*r**2 - 2*r - 3. What is the remainder when 64 is divided by s(-1)?
10
Let l = 21 - -16. Calculate the remainder when l is divided by (252/(-8)*1/6)/((-2)/8).
16
Let i(p) = p**3 - 7*p**2 + 9*p. Suppose 0 = -2*x + 6 + 6. Suppose -r + 3*r = 20. What is the remainder when i(x) is divided by r?
8
Let n(z) = -28*z**2 - z + 2. Let s be n(-2). Let p(k) = -k**3 - 5*k**2 - 6*k + 17. Let f be p(-7). Let g = s + f. What is the remainder when g is divided by 10?
9
Suppose 0 = 5*c - 4*c. Suppose k + 3*p = -c*k - 3, 5*k + p - 13 = 0. What is the remainder when 11 + 1 + 0 - 3 is divided by k?
0
Let l(q) = q**2 + 10*q + 4. Let f be l(0). Suppose 11 = 7*j + f*j. What is the remainder when 8 is divided by j?
0
Let j = -966 - -1015